{"id":127,"date":"2016-03-05T03:02:13","date_gmt":"2016-03-05T02:02:13","guid":{"rendered":"http:\/\/www.francescobrandoli.eu\/?page_id=127"},"modified":"2016-03-05T11:30:27","modified_gmt":"2016-03-05T10:30:27","slug":"futuro-europa-n-46","status":"publish","type":"page","link":"https:\/\/www.francescobrandoli.eu\/index.php\/my-works-3\/futuro-europa-n-46\/","title":{"rendered":"&#8220;Argo 9001-X&#8221; in: FUTURO Europa, n. 46"},"content":{"rendered":"<div style=\"padding-bottom:20px; padding-top:10px;\" class=\"hupso-share-buttons\"><!-- Hupso Share Buttons - https:\/\/www.hupso.com\/share\/ --><a class=\"hupso_counters\" href=\"https:\/\/www.hupso.com\/share\/\"><img decoding=\"async\" src=\"https:\/\/static.hupso.com\/share\/buttons\/share-small.png\" style=\"border:0px; padding-top:2px; float:left;\" alt=\"Share Button\"\/><\/a><script type=\"text\/javascript\">var hupso_services_c=new Array(\"twitter\",\"facebook_like\",\"facebook_send\",\"google\",\"pinterest\",\"email\",\"print\");var hupso_counters_lang = \"en_US\";var hupso_image_folder_url = \"http:\/\/www.francescobrandoli.eu\/wp-content\/plugins\/hupso-share-buttons-for-twitter-facebook-google\/img\/services\/\";var hupso_url_c=\"\";var hupso_title_c=\"&quot;Argo 9001-X&quot; in: FUTURO Europa, n. 46\";<\/script><script type=\"text\/javascript\" src=\"https:\/\/static.hupso.com\/share\/js\/counters.js\"><\/script><!-- Hupso Share Buttons --><\/div><table border=\"0\" width=\"102%\" cellspacing=\"0\" cellpadding=\"0\" bgcolor=\"#FFFFFF\">\n<tbody>\n<tr>\n<td colspan=\"2\" bgcolor=\"#FFFFFF\" width=\"100%\"><\/td>\n<\/tr>\n<tr>\n<td bgcolor=\"#FFFFFF\" width=\"37%\">\n<p align=\"justify\"><i><span style=\"font-family: Verdana; font-size: small;\">FUTURO Europa &#8211; <\/span><\/i><span style=\"font-family: Verdana; font-size: small;\"><i>Rassegna europea di Science Fiction, n. 46<\/i><\/span><\/p>\n<p align=\"justify\"><span style=\"font-family: Verdana; font-size: small;\">AA.VV. (a cura di Lino Aldani e Ugo Malaguti)<\/span><\/p>\n<p align=\"justify\"><span style=\"font-family: Verdana; font-size: small;\">Perseo Editrice, Bologna, Giugno 2006<\/span><\/p>\n<p align=\"justify\"><span style=\"font-family: Verdana; font-size: small;\">Pagine: 320<\/span><\/p>\n<p align=\"justify\"><span style=\"font-family: Verdana; font-size: small;\">Prezzo: \u20ac 15,00<\/span><\/p>\n<p align=\"justify\"><span style=\"font-family: Verdana; font-size: small;\">Acquistabile su:\u00a0<\/span><\/p>\n<p align=\"justify\"><a href=\"http:\/\/www.elaralibri.it\/cat\/fut\/fut-046.htm\"><span style=\"color: #0000ff; font-family: Verdana; font-size: small;\">http:\/\/www.elaralibri.it\/cat\/fut\/fut-046.htm<\/span><\/a><\/p>\n<p align=\"justify\"><span style=\"font-family: Verdana; font-size: small;\">Antologia di racconti, saggi e con un romanzo breve di genere fantascienza.<\/span><\/p>\n<p align=\"justify\"><span style=\"font-family: Verdana; font-size: small;\">Contenuti:<\/span><\/p>\n<\/td>\n<td width=\"73%\">\n<p align=\"center\"><img loading=\"lazy\" decoding=\"async\" class=\"alignnone size-medium wp-image-32\" src=\"http:\/\/www.francescobrandoli.eu\/wp-content\/uploads\/2016\/03\/perseo-futuro_46-206x300.jpg\" alt=\"perseo-futuro_46\" width=\"206\" height=\"300\" srcset=\"https:\/\/www.francescobrandoli.eu\/wp-content\/uploads\/2016\/03\/perseo-futuro_46-206x300.jpg 206w, https:\/\/www.francescobrandoli.eu\/wp-content\/uploads\/2016\/03\/perseo-futuro_46.jpg 212w\" sizes=\"(max-width: 206px) 100vw, 206px\" \/><\/p>\n<\/td>\n<\/tr>\n<tr>\n<td valign=\"top\" width=\"50%\">\n<p align=\"center\"><b><span style=\"font-family: Verdana; font-size: small;\">SAGGISTICA<\/span><\/b><\/p>\n<\/td>\n<td valign=\"top\" width=\"50%\">\n<p align=\"center\"><b><span style=\"font-family: Verdana; font-size: small;\">ROMANZO<\/span><\/b><\/p>\n<\/td>\n<\/tr>\n<tr>\n<td valign=\"top\" width=\"40%\"><span style=\"font-family: Verdana; font-size: small;\">Editoriale<br \/>\n<i>Ufologia? Non confondiamola con la SF <\/i>di Fabio Calabrese<br \/>\n<i>A noi piace corto <\/i>di Giovanni Mongini<br \/>\n<i>Cinerecensioni <\/i>di Gianni Ursini<br \/>\n<i>Libri Usciti: 1\u00b0 Semestre 2005 <\/i>di Ernesto Vegetti<br \/>\n<i>Jos\u00e9 Moselli: Una pagina di SF dimenticata <\/i>di Emilio Di Gristina<br \/>\nFUTURO risponde<\/span><\/td>\n<td valign=\"top\" width=\"60%\"><span style=\"font-family: Verdana; font-size: small;\"><i>L&#8217;uccisore di robot <\/i>di Mauro Antonio Miglieruolo<\/span><\/p>\n<p>&nbsp;<\/p>\n<p><center><span style=\"font-family: Verdana; font-size: small;\"><b>RACCONTI<\/b><\/span><\/center><span style=\"font-family: Verdana; font-size: small;\"><br \/>\n<i>Argo 9001-X <\/i>di Francesco Brandoli<br \/>\n<i>Simulatore <\/i>di Bruno Vitiello<br \/>\n<i>Smistamento <\/i>di Pierre-Jean Brouillaud<br \/>\n<i>I battitori del crepuscolo <\/i>di Domenico Gallo<br \/>\n<i>Solitudine rossa <\/i>di Giorgio Sangiorgi<br \/>\n<i>Cose che si vedono nel cielo <\/i>di Antonino Fazio<br \/>\n<i>L&#8217;enigma dell&#8217;indio seduto <\/i>di Antonio Bellomi<br \/>\n<i>Si \u00e8 verificato un errore <\/i>di Renato Pestriniero<br \/>\n<i>1936: i misteri di un&#8217;anima <\/i>di Alessandro Fambrini<br \/>\n<i>L&#8217;ultima speranza <\/i>di Donato Altomare<br \/>\n<i>Arena <\/i>di Nino Salamone<br \/>\n<i>Di che colore \u00e8 il vento? <\/i>di Alexandar Ziljac<\/span><\/td>\n<\/tr>\n<tr>\n<td colspan=\"2\" bgcolor=\"#FFFFFF\" width=\"110%\">\n<p align=\"justify\"><span style=\"font-family: Verdana; font-size: medium;\">Contiene il mio racconto di Fantascienza: <\/span><span style=\"font-family: Verdana; font-size: large;\">&#8220;Argo 9001-X&#8221;<\/span> <span style=\"font-family: Verdana; font-size: small;\">(pagg. da 107 a 112).<\/span><\/p>\n<p align=\"justify\"><span style=\"font-family: Verdana; font-size: small;\">Editoriale:<\/span><\/p>\n<p align=\"justify\"><span style=\"font-family: Verdana; font-size: small;\">\u00ab<\/span><span style=\"font-family: Verdana; font-size: small;\"> <i>Dobbiamo iniziare questo mastodontico numero 46 di <\/i>Futuro Europa<i> con una serie di scuse e giustificazioni. Avrete notato nel numero precedente l&#8217;assenza della consueta rubrica dei<\/i> Libri Usciti<i> di Ernesto Vegetti, mentre in questo numero non troverete le<\/i> Recensioni<i>. Per di pi\u00f9, il promesso catalogo di <\/i>Futuro<i> dal numero 27 al numero 46 \u00e8 rimandato al prossimo numero, il 47, dove troverete l&#8217;indice degli autori e delle opere dei numeri che vanno dal 27 al 47, appunto. Un racconto di Pierre-Jean Brouillaud previsto per<\/i> Futuro<i> 45 slitter\u00e0 anch&#8217;esso al 47, insieme a <\/i>Nelle Grotte<i> di Roberto Fuiano. E anche alcuni testi annunciati per questo numero 46 slittano di un numero, compreso un bel racconto di Luciano Nardelli che voleva onorare la memoria di questo grande amico di <\/i>Futuro<i> scomparso proprio quest&#8217;anno, prematuramente, un lutto che colpisce la sf italiana che aveva da molto tempo Nardelli tra i suoi protagonisti.<br \/>\nIl motivo di questi slittamenti &#8211; ai quali va aggiunto anche un bel racconto di Andrea Coco, che avrebbe dovuto uscire in questo numero e invece passa a sua volta al 47, ma il nostro Andrea \u00e8 comunque stato presente nel numero precedente con il divertentissimo<\/i> Manuale tecnico operativo<i> &#8211; \u00e8 facilmente intuibile: siamo letteralmente sommersi da materiale buono e ottimo, i nostri scaffali traboccano, neppure l&#8217;aumento delle pagine &#8211; sono 320 in questo numero, equivalenti alle 600 di un libro normale &#8211; serve a contenere la marea inarrestabile di racconti e romanzi di autori europei, dalle pi\u00f9 diverse estrazioni (in questo numero esordisce il croato Alexandar Ziljac, risultato il vincitore del<\/i> poll<i> internazionale della rivista<\/i> Internova<i>, addirittura prima dell&#8217;applauditissimo israeliano Guy Hasson diventato un beniamimo del pubblico di<\/i> Nova Sf*<i>: e leggendo questo pezzo di bravura, su una partita di caccia che nasconde una struttura interstellare nella quale non \u00e8 difficile identificare elementi e storture del mondo contemporaneo, ci rendiamo conto di trovarci di fronte davvero a un autore di grande caratura internazionale). Abbiamo romanzi, racconti, romanzi brevi, saggi, spesso di livello elevatissimo, abbiamo gli esordienti che premono, abbiamo stabilito interessanti convenzioni con altri gruppi e premi di una certa consistenza ma anche di quell&#8217;onest\u00e0 che poniamo come pregiudiziale a ogni accordo editoriale (pubblicare la versione permanente di testi risultati vincenti in qualche concorso del Web ci sembra interessante e importante). Amici, se pensiamo che la maggior paura di Lino Aldani, quando insieme a Ugo Malaguti concep\u00ec l&#8217;idea di questo rilancio di<\/i> Futuro Europa,<i> era quella di poter trovare materiale di valore sufficiente a mantenere le uscite della rivista (che allora aveva 128 pagine) a un livello di grande dignit\u00e0, quella che \u00e8 la realt\u00e0 di oggi supera ogni immaginazione. Ma non per chi non aveva mai dubitato della tradizione, della capacit\u00e0, dell&#8217;originalit\u00e0 della letteratura europea, una grande fucina nella quale non poteva mancare la fantascienza, specchio della societ\u00e0 di oggi, letteratura in sintonia con i tempi quale mai se ne \u00e8 vista una.<br \/>\nCi sono gli autori abituali, quelli di grande tradizione, i cosiddetti &#8220;nomi&#8221;, (i Miglieruolo, i Pestriniero, gli Aldani, i Catani, i Bellomi, solo per dirne alcuni) e ci sono quelli nati da<\/i> Futuro<i> e sempre pi\u00f9 graditi al pubblico e diventati &#8220;grandi&#8221; a loro volta (e qui viene subito da pensare a Bruno Vitiello, Alessandro Fambrini, Antonino Fazio, che in verit\u00e0 era nato prima di <\/i>Futuro<i>, come autore, ma che qui ha trovato una sua dimensione pi\u00f9 compiuta). Ci sono i saggisti, molti dei quali rivaleggiano in lucidit\u00e0 e interesse con gli autori dei racconti pi\u00f9 avvincenti, e ci sono le traduzioni, sempre pi\u00f9 copiose da quando \u00e8 iniziata la costruzione di varie redazioni specializzate per i diversi paesi europei &#8211; e i lavoro continua e dar\u00e0 sempre pi\u00f9 copiosi frutti.<br \/>\nPoi ci sono avvenimenti come<\/i> L&#8217;uccisore di robot,<i> il pi\u00f9 recente romanzo di Mauro Antonio Miglieruolo, che occupano un terzo della rivista (e se si fosse trattato di un libro, avrebbe occupato le canoniche 256 pagine) ai quali non si sa resistere. Il sommario di<\/i> Futuro<i> 46 era gi\u00e0 stato stabilito. Poi Lino Aldani e Ugo Malaguti hanno letto questo romanzo di Miglieruolo, il secondo che viene ospitato dalla rivista dopo lo splendido <\/i>Golpe 2000<i>. Di Miglieruolo \u00e8 fresco di stampa il primo volume antologico nella collana dei <\/i>Narratori Europei<i>, il bellissimo <\/i>Assurdo virtuale<i>, comprendente il romanzo omonimo e una quindicina di racconti, tra editi e inediti, rappresentanti una selezione importante delle qualit\u00e0 di questo scrittore che abbiamo scelto come simbolo di <\/i>Futuro,<i> non facendo mancare le sue storie praticamente quasi in nessun numero. Il successo del libro \u00e8 davvero trascinante, e gi\u00e0 \u00e8 in corso di realizzazione il secondo, <\/i>Come ladro di notte,<i> che ripresenta l&#8217;introvabile capolavoro di questo autore insieme a una ventina di storie quasi tutte inedite e assolutamente straordinarie, provocanti fin dal titolo (uno tra i tanti \u00e8<\/i> La pi\u00f9 grande fica di tutto l&#8217;universo,<i> pensate a come possono essere gli altri&#8230;) ma il vulcanico e mefistofelico Miglieruolo sembra avere un talento autentico nel mettere in difficolt\u00e0 gli <\/i>editors.<i> Con due antologie gi\u00e0 praticamente chiuse, cosa fa il Nostro? Ci scrive un romanzo del tutto straordinario, che non esitiamo a definire una delle storie pi\u00f9 importanti e pi\u00f9 belle sull&#8217;argomento senza fine della ribellione umana all&#8217;ingiustizia e all&#8217;oppressione, un lavoro dalla bellezza che mozza il fiato, sia per la scelta stilistica, sia per il ritmo e la costruzione, sia per l&#8217;ansia di libert\u00e0 e di eguaglianza che spira da ogni pagina. E noi cosa dovevamo fare? Pubblicarlo subito, perch\u00e9 ci sono certi testi che non possono aspettare. Eccolo. Ma sono pi\u00f9 di cento pagine di <\/i>Futuro Europa.<i> E cos\u00ec le impaginazioni sono saltate, e il numero ha cambiato aspetto. Assumendo tra l&#8217;altro forti connotazioni etiche e sociali, per la presenza in contemporanea di due storie bellissime come lo struggente <\/i>Simulatore <i>di Bruno Vitiello e come il travolgente, quasi perfetto<\/i> I battitori del crepuscolo<i> di Domenico Gallo, l&#8217;esordio sulle nostre pagine di Nino Salamone, con una storia di ispirazione browniana anche nel titolo &#8211; <\/i>Arena<i> &#8211; ma condotta con la perizia e la misura delle <\/i>pi\u00e8ces <i>sociologiche d&#8217;annata&#8230; e qui ci fermiamo, perch\u00e9 dovremmo ricordare tutti gli altri testi che compongono questo numero, a cominciare dal racconto &#8220;parasociologico&#8221; di Donato Altomare <b><u><span style=\"color: #800000;\">alla metafisica visione di un esordiente, Francesco Brandoli, destinato a fare strada,<\/span><\/u><\/b> per non dimenticare i consueti appuntamenti con l&#8217;ispettore Jorgensen di Alessandro Fambrini e il Club Pigreco di Antonio Bellomi, due modi diversi di interpretare un nuovo rapporto tra la letteratura del mistero e la fantascienza che sono nobilitati e arricchiti dalla straordinaria bravura dei loro autori&#8230;<\/i><\/span><\/p>\n<p>Una piccola osservazione ci sembra d&#8217;obbligo. Oggi si scrive poca science fiction<i> sociale, l&#8217;anagogia negativa caratteristica degli anni &#8217;50, e alla quale dobbiamo i maggiori riconoscimenti del mondo universitario e del<\/i> mainstream<i> alla nostra letteratura, \u00e8 trascurata da scrittori anche di talento, che preferiscono dedicarsi a improbabili variazioni sul modo in cui si pu\u00f2 rendere indigesta una narrativa splendida come la <\/i>space opera<i> (\u00e8 difficile negare che la<\/i> new space opera<i> e la fantascienza neotecologica imperanti in America non siano all&#8217;origine di una certo calo d&#8217;interesse e di diffusione di una letteratura che sul <\/i>novum<i> e sull&#8217;originalit\u00e0 di pensiero ha costruito le sue fortune), mentre il pubblico mostra di gradire sempre di pi\u00f9 visioni distorte ma realistiche del futuro che pu\u00f2 aspettarci, chiede opere e testi che lo facciano riflettere e lo aiutino a capire dove stiamo andando e perch\u00e9, in un mondo che sembra offrire spunti infiniti all&#8217;ingegno dei narratori di vaglia.<br \/>\nFortunatamente gli autori di<\/i> Futuro Europa<i> questa esigenza la stanno cogliendo. Senza adeguarsi a mode o presunte tali, cercano di ragionare con la propria testa, di sondare il presente e il futuro per darne un&#8217;interpretazione magari discutibile, magari personale, ma capace di aprire una discussione e di attirare l&#8217;interesse di chi in questo presente vive e in <\/i>quel<i> futuro dovr\u00e0 tuffarsi.<br \/>\nVorremmo stimolare ancora di pi\u00f9 i nostri autori a scegliere questa linea. Una rivista come <\/i>Futuro<i> deve essere uno specchio dei tempi, una palestra di idee, di novit\u00e0, di intuizioni, tali da rendere viva e vitale la rivista come avveniva nei periodi migliori della fantascienza. \u00c8 una sfida alla quale il talento deve rispondere. Gli autori migliori non possono accontentarsi di rimasticare temi gi\u00e0 noti. Devono andare oltre. Il fatto che tanti di loro lo stiano facendo \u00e8 un confortante messaggio, e questo numero ne rappresenta forse la pi\u00f9 lampante esemplificazione.<\/i><\/p>\n<p>Ci fermiamo qui, perch\u00e9 raramente ci \u00e8 capitato di imbastire quasi ex novo<i> un volume che si rivela poi cos\u00ec ricco e omogeneo. O meglio, vorremmo fare un&#8217;ultima eccezione, segnalando l&#8217;intervento di un saggista nuovo per le nostre pagine, Emilio Di Gristina, che ci propone una rivisitazione del classico<\/i> La fin d&#8217;Illa<i> di Jos\u00e9 Moselli con una chiarezza, una passione, una base di documentazione, un&#8217;apertura mentale e una reale conoscenza dei precursori della <\/i>science fiction<i> capace di affascinare come e pi\u00f9 di un racconto. Non \u00e8 un segreto che tra le molte iniziative in cantiere presso la Perseo Libri, oltre alla collana di saggistica che sar\u00e0 potenziata e rinvigorita, visti gli eccellenti risultati dei primi titoli, le opere di Mongini che stanno battendo tutti i primati di diffusione della nostra casa ( e di Mongini vi segnaliamo l&#8217;irresistibile <\/i>excursus <i>nel mondo sconosciuto dei cortometraggi, dal titolo cos\u00ec ambiguo da indurre l&#8217;immarcescibile Vanni a scherzarci sopra, nello spazio di <\/i>Cinema Futuro<i>), c&#8217;\u00e8 anche una <\/i>Collezione del Mistero<i> che si propone di riscoprire, ritradurre e offrire agli appassionati e agli studiosi opere della paleofantascienza e del mistero, comprendenti l&#8217;800 e i primi tre decenni del &#8216;900, una miniera di tesori che merita uno studio approfondito e un&#8217;adeguata presentazione. Una voce come quella di Emilio Di Gristina crediamo dar\u00e0 un apporto fondamentale a questa nuova iniziativa, e siamo ansiosi di ritrovarlo in altri pezzi saggistici di uguale intensit\u00e0 e spessore.<\/i><\/p>\n<p>Perch\u00e9 il mondo della Perseo \u00e8 in caleidoscopico movimento, proiettato verso un 2007 nel quale le lunghe ombre del 2005 e di parte del 2006 siano dissipate. Tra l&#8217;altro, nei due anni di crisi pi\u00f9 profonda, abbiamo pubblicato molti libri, e alcune delle opere migliori di tutta la nostra attivit\u00e0: altre ne abbiamo in programma.<br \/>\nStiamo rinnovando e riassemblando la redazione, che dovr\u00e0 dividersi tra le varie iniziative in corso, per mantenere in una situazione di produzione maggiore i livelli attuali o migliorarli. L&#8217;organigramma delle nuove redazioni di Nova Sf*<i> e di<\/i> Futuro Europa<i> speriamo di poterlo pubblicare gi\u00e0 dal prossimo numero, ma sappiate fin d&#8217;ora che i migliori specialisti italiani sono al lavoro per voi, e che i condirettori, Lino Aldani e Ugo Malaguti, stanno lavorando sodo per mantenere la prerogativa di questa rivista: la cura della selezione, la certezza per gli autori che le loro opere saranno esaminate da persone di indiscussa capacit\u00e0 e di tendenze e gusti diversi, in modo da mantenere quell&#8217;universalit\u00e0 di scelte che possa estendere l<\/i>&#8216;appeal<i> della rivista al pubblico giovane e non pi\u00f9 giovane che la sta seguendo con crescente passione.<br \/>\nUna redazione pi\u00f9 numerosa e pi\u00f9 forte \u00e8 la garanzia di opere sempre pi\u00f9 selezionate e migliori. Ai lettori spetta il compito di farci sapere cosa desiderano, in modo che, se appena possibile, ci sia dato di realizzarlo, e di seguire<\/i> Futuro<i> con l&#8217;affetto e l&#8217;assiduit\u00e0 che una pubblicazione come questa sicuramente merita.<br \/>\nGodetevi questo straordinario volume e prenotate oggi stesso il prossimo, che nelle sue 336 densissime pagine vi offrir\u00e0 anche il tanto atteso indice dei numeri 27\/47 curato con la solita mano sapiente dal nostro Ernesto Vegetti.<\/i><\/p>\n<p align=\"right\"><span style=\"font-family: Verdana; font-size: small;\">FUTURO Europa\u00bb<\/span><\/p>\n<p align=\"right\"><span style=\"font-family: Verdana; font-size: medium;\">Recensione su: <a href=\"http:\/\/www.fantascienza.com\/magazine\/notizie\/8925\/nomi-nuovi-nel-futuro-della-perseo\/\">fantascienza.com<\/a><\/span><\/p>\n<p align=\"right\"><span style=\"font-family: Verdana; font-size: medium;\">Link al sito Perseo Libri: <\/span><a href=\"http:\/\/www.perseolibri.it\/fut-46.html\"><span style=\"color: #0000ff; font-family: Verdana;\">http:\/\/www.perseolibri.it\/fut-46.htm<\/span><\/a><\/p>\n<p align=\"right\"><span style=\"font-family: Verdana; font-size: medium;\">Acquista questo libro: <\/span><span style=\"color: #0000ff; font-family: Verdana; font-size: medium;\"><a href=\"http:\/\/www.elaralibri.it\/cat\/fut\/fut-046.htm\">http:\/\/www.elaralibri.it\/cat\/fut\/fut-046.htm<\/a><\/span><\/p>\n<\/td>\n<\/tr>\n<\/tbody>\n<\/table>\n","protected":false},"excerpt":{"rendered":"<div style=\"padding-bottom:20px; padding-top:10px;\" class=\"hupso-share-buttons\"><!-- Hupso Share Buttons - https:\/\/www.hupso.com\/share\/ --><a class=\"hupso_counters\" href=\"https:\/\/www.hupso.com\/share\/\"><img src=\"https:\/\/static.hupso.com\/share\/buttons\/share-small.png\" style=\"border:0px; padding-top:2px; float:left;\" alt=\"Share Button\"\/><\/a><script type=\"text\/javascript\">var hupso_services_c=new Array(\"twitter\",\"facebook_like\",\"facebook_send\",\"google\",\"pinterest\",\"email\",\"print\");var hupso_counters_lang = \"en_US\";var hupso_image_folder_url = \"http:\/\/www.francescobrandoli.eu\/wp-content\/plugins\/hupso-share-buttons-for-twitter-facebook-google\/img\/services\/\";var hupso_url_c=\"\";var hupso_title_c=\"&quot;Argo 9001-X&quot; in: FUTURO Europa, n. 46\";<\/script><script type=\"text\/javascript\" src=\"https:\/\/static.hupso.com\/share\/js\/counters.js\"><\/script><!-- Hupso Share Buttons --><\/div><p>FUTURO Europa &#8211; Rassegna europea di Science Fiction, n. 46 AA.VV. (a cura di Lino Aldani e Ugo Malaguti) Perseo Editrice, Bologna, Giugno 2006 Pagine: 320 Prezzo: \u20ac 15,00 Acquistabile su:\u00a0 http:\/\/www.elaralibri.it\/cat\/fut\/fut-046.htm Antologia di racconti, saggi e con un romanzo breve di genere fantascienza. Contenuti: SAGGISTICA ROMANZO Editoriale Ufologia? Non confondiamola con la SF di [&hellip;]<\/p>\n","protected":false},"author":1,"featured_media":0,"parent":27,"menu_order":1,"comment_status":"closed","ping_status":"closed","template":"","meta":{"footnotes":""},"_links":{"self":[{"href":"https:\/\/www.francescobrandoli.eu\/index.php\/wp-json\/wp\/v2\/pages\/127"}],"collection":[{"href":"https:\/\/www.francescobrandoli.eu\/index.php\/wp-json\/wp\/v2\/pages"}],"about":[{"href":"https:\/\/www.francescobrandoli.eu\/index.php\/wp-json\/wp\/v2\/types\/page"}],"author":[{"embeddable":true,"href":"https:\/\/www.francescobrandoli.eu\/index.php\/wp-json\/wp\/v2\/users\/1"}],"replies":[{"embeddable":true,"href":"https:\/\/www.francescobrandoli.eu\/index.php\/wp-json\/wp\/v2\/comments?post=127"}],"version-history":[{"count":3,"href":"https:\/\/www.francescobrandoli.eu\/index.php\/wp-json\/wp\/v2\/pages\/127\/revisions"}],"predecessor-version":[{"id":163,"href":"https:\/\/www.francescobrandoli.eu\/index.php\/wp-json\/wp\/v2\/pages\/127\/revisions\/163"}],"up":[{"embeddable":true,"href":"https:\/\/www.francescobrandoli.eu\/index.php\/wp-json\/wp\/v2\/pages\/27"}],"wp:attachment":[{"href":"https:\/\/www.francescobrandoli.eu\/index.php\/wp-json\/wp\/v2\/media?parent=127"}],"curies":[{"name":"wp","href":"https:\/\/api.w.org\/{rel}","templated":true}]}}